
Is 430139854567 prime?
True
Is 1372346111 a prime number?
False
Is 8790264389 a composite number?
True
Is 22201161259 composite?
False
Is 1032409481 a composite number?
False
Is 12379544843 composite?
False
Is 1950547969 prime?
False
Is 31265559433 composite?
False
Is 4013128039 a prime number?
True
Is 901206343 a prime number?
False
Is 47205717415 prime?
False
Is 9221997 prime?
False
Is 6785309723 prime?
False
Is 409387973 prime?
True
Is 10395966181 composite?
False
Is 1643320883 a prime number?
False
Is 453356749 a composite number?
True
Is 148766931938 a composite number?
True
Is 9087033083 a composite number?
False
Is 5368207001 a prime number?
False
Is 975174023 a composite number?
False
Is 4089519589 prime?
False
Is 2321183569 a prime number?
True
Is 5401567109 prime?
True
Is 2631147011 composite?
True
Is 3740481617 prime?
False
Is 56498121707 a prime number?
False
Is 662432443 a composite number?
False
Is 803729243 a prime number?
True
Is 1047525697 a composite number?
True
Is 17884422131 composite?
True
Is 1518749563 composite?
False
Is 51544035527 a prime number?
False
Is 1048660391 composite?
False
Is 43448111327 composite?
False
Is 5257520509 a composite number?
False
Is 41345384917 composite?
True
Is 15822730411 a prime number?
True
Is 42271481027 prime?
True
Is 4827036199 a composite number?
False
Is 46227613 prime?
False
Is 6233420953 composite?
True
Is 17528485121 a prime number?
False
Is 5274994519 prime?
False
Is 945146551 a composite number?
False
Is 1865472077 a prime number?
False
Is 4687870633 a composite number?
False
Is 1556457887 a composite number?
False
Is 24138601769 composite?
False
Is 2391590291 a composite number?
True
Is 259832579 composite?
True
Is 44489350901 a composite number?
False
Is 2027148983 a prime number?
False
Is 348456289 a prime number?
False
Is 21262714873 prime?
True
Is 163973911 a prime number?
False
Is 1406093059 a prime number?
False
Is 10297970141 a composite number?
True
Is 953242397 a composite number?
True
Is 1532280531 a prime number?
False
Is 103299973957 a prime number?
True
Is 760906865 a prime number?
False
Is 8768556413 composite?
False
Is 1028993831 prime?
True
Is 11597552917 prime?
True
Is 4264020373 composite?
False
Is 7463590037 composite?
False
Is 726931349 composite?
False
Is 2712323303 a prime number?
False
Is 9508538251 composite?
False
Is 8039543371 prime?
False
Is 15201307271 a composite number?
False
Is 18249491881 a composite number?
True
Is 185271617 composite?
True
Is 68194667881 prime?
True
Is 1347787861 composite?
True
Is 268973659 a prime number?
True
Is 35968369753 a composite number?
False
Is 33306029377 a composite number?
True
Is 642345547 prime?
True
Is 52241925937 a prime number?
True
Is 18089509543 a composite number?
True
Is 28052948771 a prime number?
True
Is 1514487719 prime?
False
Is 30955547549 a prime number?
False
Is 4538005079 composite?
False
Is 164490707 a composite number?
False
Is 151939531363 a prime number?
False
Is 128911805761 a prime number?
False
Is 36117558883 composite?
True
Is 87812451995 prime?
False
Is 1374601133 composite?
True
Is 3501725533 a prime number?
False
Is 672093958 composite?
True
Is 965414687 prime?
True
Is 365098763 composite?
True
Is 81112009483 a composite number?
False
Is 230731153 composite?
True
Is 6939317887 prime?
False
Is 6402963599 a composite number?
False
Is 4054338157 a prime number?
True
Is 19897317649 prime?
False
Is 813277177 composite?
False
Is 10240879 prime?
False
Is 2557631 a prime number?
True
Is 603166301 a composite number?
False
Is 1204275607 a prime number?
False
Is 6270498023 composite?
False
Is 9715840691 composite?
False
Is 207937776919 prime?
False
Is 2471807029 a prime number?
False
Is 7716673 prime?
True
Is 10988865743 a prime number?
False
Is 1175988461 a composite number?
False
Is 18451457597 a composite number?
False
Is 10209102101 prime?
False
Is 19157388671 prime?
False
Is 1715801773 prime?
False
Is 155423117 prime?
True
Is 7984605479 a prime number?
True
Is 701938571 a prime number?
True
Is 138642037 a prime number?
True
Is 5338742473 prime?
True
Is 18922139581 a composite number?
True
Is 6910052483 composite?
True
Is 3969976297 composite?
True
Is 31278533813 a prime number?
True
Is 1328205509 prime?
False
Is 3635346677 a composite number?
False
Is 12596651159 a prime number?
False
Is 878055617 a composite number?
True
Is 1000179899 a prime number?
False
Is 4016757026 a composite number?
True
Is 45184640011 composite?
True
Is 2154725131 a prime number?
False
Is 516495011 a composite number?
False
Is 13376309 prime?
True
Is 134734509709 a prime number?
True
Is 168022787 composite?
False
Is 63346906667 a composite number?
True
Is 57689515943 prime?
True
Is 1095026197 composite?
False
Is 109781247617 composite?
False
Is 14128500655 a prime number?
False
Is 5299756663 a composite number?
False
Is 287957721 composite?
True
Is 8945251669 prime?
False
Is 19250533061 prime?
True
Is 95352419 prime?
True
Is 11319070195 a prime number?
False
Is 3090667381 a prime number?
False
Is 269849213 prime?
True
Is 2409201017 prime?
False
Is 2659718251 a composite number?
False
Is 1405927499 composite?
False
Is 18081863099 a composite number?
True
Is 1018980061 a prime number?
False
Is 7047179089 a prime number?
True
Is 179718606161 composite?
False
Is 2105289023 a composite number?
False
Is 35362856161 a prime number?
False
Is 3804934097 a prime number?
False
Is 44850877 a composite number?
True
Is 11888723081 a composite number?
True
Is 19758527153 prime?
False
Is 10007348563 a prime number?
True
Is 3745720123 a composite number?
True
Is 6646082269 prime?
True
Is 78450439 prime?
False
Is 80219747827 a composite number?
False
Is 239941529 composite?
False
Is 513398747 composite?
False
Is 33744167791 prime?
True
Is 993648751 a prime number?
True
Is 844287233 composite?
False
Is 1436488223 a composite number?
False
Is 17862881581 composite?
False
Is 228908387 a composite number?
True
Is 2739427421 prime?
True
Is 27543963 composite?
True
Is 16802238559 a prime number?
True
Is 38887308973 a prime number?
True
Is 15221327789 prime?
True
Is 11479696213 a prime number?
True
Is 7945216621 prime?
False
Is 83851556629 prime?
True
Is 22277538737 prime?
True
Is 396517301 composite?
True
Is 17313286391 a composite number?
False
Is 574642729 a prime number?
True
Is 199129657 a prime number?
False
Is 14389471757 a composite number?
True
Is 403395841 a composite number?
True
Is 87034457 composite?
True
Is 8607749339 prime?
False
Is 355762937 a composite number?
False
Is 22479461819 a prime number?
True
Is 413156951 composite?
False
Is 31926216499 a composite number?
False
Is 2356751129 prime?
False
Is 2322681281 a prime number?
True
Is 4770009263 composite?
True
Is 36380303563 composite?
False
Is 931167427 composite?
True
Is 147740161 prime?
True
Is 2919555413 a composite number?
False
Is 4457110447 composite?
False
Is 2730096619 prime?
False
Is 708637647 composite?
True
Is 223510697 prime?
True
Is 8213236523 a composite number?
True
Is 16438464541 composite?
True
Is 1859759989 composite?
True
Is 1569679619 prime?
True
Is 22617809651 composite?
False
Is 978726491 a composite number?
True
Is 49773546769 a composite number?
True
Is 26800123463 prime?
True
Is 179281568177 a prime number?
True
Is 1801709399 composite?
True
Is 1216166983 composite?
True
Is 235389793 composite?
True
Is 1406809451 prime?
True
Is 1883855287 a prime number?
False
Is 11389892887 composite?
True
Is 426242117 a prime number?
False
Is 6260707909 composite?
True
Is 28366573 prime?
True
Is 460725847 a prime number?
False
Is 188635133 a prime number?
True
Is 255092203 composite?
False
Is 4735964071 a composite number?
True
Is 1057754927 a composite number?
True
Is 236608037 a prime number?
False
Is 55871521289 prime?
True
Is 19270192273 composite?
False
Is 590228927 composite?
True
Is 178756638803 a prime number?
False
Is 35750072983 a composite number?
False
Is 202318871 a prime number?
True
Is 8090840305 a composite number?
True
Is 118343759 composite?
False
Is 280181311 a composite number?
True
Is 1131518071 prime?
True
Is 7165686019 a prime number?
False
Is 32474583497 composite?
False
Is 1751995751 composite?
True
Is 199281839 a composite number?
